n divisor of 132 and 308?
44
What is the highest common divisor of 5990 and 20?
10
Calculate the highest common divisor of 4355 and 195.
65
Calculate the greatest common divisor of 31 and 434.
31
What is the highest common factor of 2587 and 143?
13
What is the greatest common divisor of 100 and 340?
20
What is the greatest common divisor of 21307 and 26?
13
Calculate the highest common divisor of 637 and 238.
7
Calculate the highest common divisor of 63 and 48.
3
Calculate the greatest common factor of 35 and 1015.
35
What is the highest common divisor of 355 and 568?
71
Calculate the greatest common divisor of 9 and 25713.
9
What is the greatest common divisor of 72 and 3060?
36
What is the greatest common divisor of 4 and 1268?
4
Calculate the greatest common factor of 1311 and 207.
69
Calculate the highest common divisor of 117 and 130.
13
Calculate the highest common divisor of 15 and 365.
5
What is the greatest common divisor of 23 and 2323?
23
Calculate the highest common divisor of 50 and 12250.
50
Calculate the highest common factor of 72 and 693.
9
What is the highest common divisor of 885 and 210?
15
What is the highest common factor of 168 and 636?
12
What is the highest common divisor of 185 and 20?
5
Calculate the greatest common divisor of 22 and 181764.
22
Calculate the highest common divisor of 464 and 32.
16
Calculate the highest common factor of 25 and 6690.
5
What is the highest common divisor of 108 and 702?
54
What is the greatest common divisor of 25 and 25?
25
What is the greatest common divisor of 37 and 1295?
37
Calculate the highest common divisor of 16 and 584.
8
Calculate the highest common factor of 5 and 25.
5
What is the greatest common divisor of 270 and 10950?
30
Calculate the highest common factor of 59 and 32.
1
Calculate the highest common factor of 306 and 493.
17
Calculate the highest common factor of 24 and 24.
24
What is the highest common divisor of 270 and 1590?
30
What is the greatest common factor of 4 and 28?
4
Calculate the greatest common divisor of 91 and 581.
7
What is the greatest common factor of 3713 and 282?
47
What is the highest common factor of 27 and 3?
3
What is the highest common divisor of 21 and 896?
7
Calculate the greatest common factor of 748 and 44.
44
What is the greatest common divisor of 4365 and 135?
45
Calculate the greatest common factor of 176 and 32.
16
What is the highest common divisor of 36 and 18?
18
What is the greatest common factor of 5330 and 20?
10
What is the highest common divisor of 576 and 54?
18
What is the highest common divisor of 665 and 35?
35
What is the greatest common divisor of 35 and 112?
7
What is the greatest common divisor of 32 and 2?
2
What is the highest common factor of 47 and 1269?
47
Calculate the greatest common divisor of 572 and 104.
52
Calculate the highest common divisor of 88 and 18744.
88
Calculate the highest common factor of 3 and 15.
3
Calculate the greatest common factor of 124 and 3131.
31
Calculate the greatest common factor of 160 and 130.
10
Calculate the highest common divisor of 57 and 117.
3
Calculate the greatest common divisor of 4130 and 70.
70
What is the highest common factor of 248 and 1922?
62
What is the greatest common divisor of 61 and 305?
61
Calculate the highest common factor of 149976 and 72.
72
What is the greatest common factor of 252 and 56?
28
Calculate the highest common factor of 5775 and 1617.
231
What is the highest common factor of 95 and 8512?
19
Calculate the highest common factor of 153 and 288.
9
What is the greatest common divisor of 297 and 638?
11
What is the highest common divisor of 275 and 2825?
25
Calculate the greatest common divisor of 32 and 14.
2
Calculate the highest common divisor of 1152 and 36.
36
Calculate the greatest common divisor of 26 and 1378.
26
Calculate the greatest common divisor of 7689 and 33.
33
What is the highest common divisor of 32 and 12?
4
Calculate the highest common factor of 48 and 32.
16
Calculate the highest common factor of 8 and 328.
8
What is the highest common factor of 67 and 1139?
67
What is the greatest common factor of 1380 and 60?
60
What is the greatest common divisor of 107 and 2?
1
Calculate the greatest common factor of 115 and 138.
23
What is the highest common factor of 3582 and 126?
18
What is the greatest common factor of 10 and 6070?
10
Calculate the highest common factor of 13 and 520.
13
What is the highest common divisor of 1155 and 945?
105
Calculate the highest common divisor of 1512 and 48.
24
What is the highest common factor of 1736 and 294?
14
Calculate the highest common factor of 133 and 741.
19
Calculate the highest common divisor of 2394 and 84.
42
Calculate the greatest common divisor of 80 and 256.
16
Calculate the highest common divisor of 190 and 30.
10
Calculate the greatest common factor of 4 and 504.
4
What is the greatest common factor of 43 and 8?
1
What is the highest common divisor of 163 and 5053?
163
What is the greatest common divisor of 123 and 17097?
123
What is the greatest common factor of 4 and 262?
2
Calculate the highest common factor of 18 and 90.
18
What is the highest common factor of 2323 and 505?
101
Calculate the greatest common divisor of 1746 and 198.
18
Calculate the greatest common divisor of 2 and 54.
2
What is the greatest common factor of 5 and 95?
5
What is the greatest common divisor of 1 and 103?
1
What is the highest common factor of 19306 and 686?
98
What is the highest common divisor of 222 and 370?
74
Calculate the greatest common factor of 748 and 44.
44
Calculate the highest common factor of 22 and 8723.
11
What is the highest common divisor of 9 and 33?
3
Calculate the greatest common divisor of 414 and 72.
18
What is the greatest common divisor of 150 and 6250?
50
What is the highest common factor of 351 and 54?
27
What is the greatest common factor of 360 and 1880?
40
What is the highest common factor of 37365 and 470?
235
Calculate the greatest common factor of 184 and 46.
46
What is the highest common divisor of 60 and 4164?
12
What is the greatest common factor of 45 and 7065?
45
Calculate the greatest common divisor of 69 and 111.
3
What is the greatest common divisor of 156 and 195?
39
Calculate the highest common factor of 1742 and 4958.
134
What is the greatest common factor of 25 and 95?
5
What is the greatest common factor of 28 and 17682?
14
What is the greatest common divisor of 564 and 15369?
141
Calculate the greatest common factor of 100 and 800.
100
Calculate the greatest common factor of 50 and 1475.
25
What is the greatest common divisor of 570 and 60?
30
What is the greatest common divisor of 10 and 145?
5
Calculate the highest common factor of 413 and 59.
59
Calculate the highest common factor of 66 and 440.
22
Calculate the greatest common factor of 472 and 1357.
59
Calculate the greatest common divisor of 2076 and 312.
12
What is the greatest common divisor of 108 and 81?
27
What is the greatest common factor of 312 and 432?
24
Calculate the highest common divisor of 13896 and 72.
72
What is the highest common factor of 14 and 154?
14
What is the greatest common divisor of 13 and 1508?
13
What is the greatest common factor of 5868 and 264?
12
Calculate the highest common factor of 16 and 14512.
16
What is the highest common divisor of 8 and 392?
8
Calculate the highest common factor of 4234 and 174.
58
What is the highest common factor of 161 and 21?
7
Calculate the highest common factor of 85 and 1989.
17
Calculate the greatest common divisor of 39 and 793.
13
What is the greatest common divisor of 54 and 33?
3
What is the highest common factor of 1098 and 1220?
122
What is the highest common divisor of 1441 and 22?
11
Calculate the greatest common divisor of 3 and 18.
3
What is the greatest common factor of 426 and 6?
6
Calculate the highest common divisor of 4630 and 40.
10
What is the highest common factor of 225 and 9?
9
What is the highest common divisor of 184 and 3266?
46
Calculate the highest common divisor of 180 and 9810.
90
Calculate the greatest common factor of 975 and 26.
13
Calculate the highest common factor of 28 and 91.
7
What is the greatest common divisor of 154 and 11374?
22
Calculate the highest common divisor of 31650 and 150.
150
